181537?
7
What is the hundred thousands digit of 333376402?
3
What is the tens digit of 765270928?
2
What is the hundred millions digit of 347613004?
3
What is the hundred thousands digit of 1347434?
3
What is the tens digit of 735624990?
9
What is the thousands digit of 522663362?
3
What is the ten millions digit of 88788003?
8
What is the hundreds digit of 895470860?
8
What is the thousands digit of 155586822?
6
What is the thousands digit of 491767762?
7
What is the ten thousands digit of 17615243?
1
What is the ten thousands digit of 69587276?
8
What is the ten millions digit of 2022270660?
2
What is the ten millions digit of 46015012?
4
What is the units digit of 511949284?
4
What is the millions digit of 2018368637?
8
What is the hundreds digit of 98588857?
8
What is the hundreds digit of 101955664?
6
What is the hundreds digit of 181602709?
7
What is the hundred millions digit of 126775345?
1
What is the units digit of 10077240?
0
What is the ten thousands digit of 129192492?
9
What is the hundreds digit of 504603687?
6
What is the millions digit of 21631924?
1
What is the ten millions digit of 80920400?
8
What is the millions digit of 4343054035?
3
What is the hundred millions digit of 197094320?
1
What is the units digit of 124115307?
7
What is the millions digit of 235240332?
5
What is the hundreds digit of 22888728?
7
What is the hundred thousands digit of 1415526858?
5
What is the tens digit of 1446916626?
2
What is the millions digit of 1757573615?
7
What is the hundred millions digit of 682979091?
6
What is the ten millions digit of 1824447600?
2
What is the units digit of 6478966?
6
What is the units digit of 82776421?
1
What is the tens digit of 12404623?
2
What is the hundred thousands digit of 156295578?
2
What is the ten millions digit of 6082822494?
8
What is the units digit of 72445300?
0
What is the hundreds digit of 4248199?
1
What is the ten thousands digit of 1441094772?
9
What is the hundred thousands digit of 96005309?
0
What is the tens digit of 3304755923?
2
What is the ten millions digit of 2301725292?
0
What is the hundred millions digit of 2723116222?
7
What is the hundred thousands digit of 43567680?
5
What is the ten millions digit of 2688623580?
8
What is the ten thousands digit of 94066475?
6
What is the ten millions digit of 2115119728?
1
What is the units digit of 3575906243?
3
What is the hundreds digit of 1907982148?
1
What is the hundred thousands digit of 515679730?
6
What is the thousands digit of 1071878?
1
What is the ten thousands digit of 519803684?
0
What is the hundreds digit of 565874542?
5
What is the ten thousands digit of 27057410?
5
What is the tens digit of 741531088?
8
What is the millions digit of 522413058?
2
What is the hundreds digit of 207423458?
4
What is the hundreds digit of 110161483?
4
What is the ten thousands digit of 1203335153?
3
What is the hundred millions digit of 255344188?
2
What is the tens digit of 1579059516?
1
What is the ten thousands digit of 49100625?
0
What is the ten millions digit of 55742570?
5
What is the hundred millions digit of 238471902?
2
What is the hundreds digit of 68926291?
2
What is the ten millions digit of 2327709992?
2
What is the thousands digit of 121685659?
5
What is the millions digit of 982025603?
2
What is the hundred millions digit of 874763502?
8
What is the hundreds digit of 668705504?
5
What is the ten millions digit of 56936956?
5
What is the hundred millions digit of 4102039922?
1
What is the billions digit of 1520065321?
1
What is the hundred thousands digit of 322893085?
8
What is the tens digit of 159161268?
6
What is the millions digit of 206565665?
6
What is the ten millions digit of 139239171?
3
What is the ten thousands digit of 415551914?
5
What is the ten millions digit of 302161892?
0
What is the hundreds digit of 2079859?
8
What is the units digit of 158905154?
4
What is the hundred thousands digit of 638091643?
0
What is the ten millions digit of 481728985?
8
What is the thousands digit of 613920115?
0
What is the ten thousands digit of 261374383?
7
What is the thousands digit of 104569100?
9
What is the ten millions digit of 4349330795?
4
What is the hundred millions digit of 3367167379?
3
What is the thousands digit of 441281541?
1
What is the billions digit of 3142792335?
3
What is the hundred thousands digit of 323111267?
1
What is the thousands digit of 56036375?
6
What is the ten millions digit of 573987450?
7
What is the tens digit of 165571435?
3
What is the millions digit of 4207972638?
7
What is the hundreds digit of 130550482?
4
What is the hundred thousands digit of 258125673?
1
What is the millions digit of 126872146?
6
What is the hundred thousands digit of 99236039?
2
What is the billions digit of 1359046234?
1
What is the hundred millions digit of 208413568?
2
What is the millions digit of 433942858?
3
What is the hundred thousands digit of 1940780138?
7
What is the units digit of 79860918?
8
What is the units digit of 5332977251?
1
What is the thousands digit of 79155869?
5
What is the thousands digit of 383487370?
7
What is the hundreds digit of 1887394423?
4
What is the tens digit of 513116129?
2
What is the thousands digit of 508304?
8
What is the millions digit of 177252367?
7
What is the hundreds digit of 2219406?
4
What is the hundreds digit of 193799066?
0
What is the thousands digit of 39924874?
4
What is the thousands digit of 351076148?
6
What is the billions digit of 2124454943?
2
What is the millions digit of 42049137?
2
What is the tens digit of 355517114?
1
What is the tens digit of 973859460?
6
What is the ten thousands digit of 14451116?
5
What is the hundred millions digit of 128890869?
1
What is the millions digit of 363583996?
3
What is the millions digit of 185812831?
5
What is the hundreds digit of 23281448?
4
What is the tens digit of 1062580261?
6
What is the hundreds digit of 102854012?
0
What is the tens digit of 3104855785?
8
What is the thousands digit of 518217828?
7
What is the thousands digit of 2631648289?
8
What is the hundreds digit of 232126948?
9
What is the ten thousands digit of 64331458?
3
What is the hundreds digit of 100092583?
5
What is the tens digit of 213924507?
0
What is the millions digit of 172865910?
2
What is the hundred thousands digit of 34456539?
4
What is the hundred millions digit of 597143699?
5
What is the hundreds digit of 46076825?
8
What is the units digit of 889749149?
9
What is the ten millions digit of 330277683?
3
What is the hundreds digit of 87180378?
3
What is the millions digit of 148934944?
8
What is the hundred millions digit of 794825451?
7
What is the tens digit of 476952765?
6
What is the hundreds digit of 2281441958?
9
What is the ten thousands digit of 106030549?
3
What is the thousands digit of 22918502?
8
What is the millions digit of 3583660?
3
What is the hundreds digit of 22433413?
4
What is the units digit of 7987279?
9
What is the ten thousands digit of 600642537?
4
What is the units digit of 312245884?
4
What is the thousands digit of 279552234?
2
What is the millions digit of 6710380810?
0
What is the units digit of 5550051?
1
What is the hundred thousands digit of 501801246?
8
What is the hundred thousands digit of 199938387?
9
What is the hundred millions digit of 603645665?
6
What is the thousands digit of 333730904?
0
What is the hundreds digit of 1178691391?
3
What is the thousands digit of 3973514589?
4
What is the millions digit of 678217079?
8
What is the millions digit of 303509226?
3
What is the hundred millions digit of 394535593?
3
What is the hundred thousands digit of 92175579?
1
What is the millions digit of 15586035?
5
What is the ten thousands digit of 37354455?
5
What is the thousands digit of 1963137911?
7
What is the tens digit of 118331120?
2
What is the ten millions digit of 1563258331?
6
What is the billions digit of 8366670610?
8
What is the hundred millions digit of 343045761?
3
What is the millions digit of 338007358?
8
What is the hundred thousands digit of 3527575687?
5
What is the millions digit of 1145087268?
5
What is the thousands digit of 4548609107?
9
What is the ten millions digit of 5304628920?
0
What is the millions digit of 295190523?
5
What is the tens digit of 2386745662?
6
What 